at is -32 (base 12) in base 10?
-38
2 (base 11) to base 8
2
-201 (base 4) to base 5
-113
What is 2 (base 5) in base 6?
2
What is -40 (base 9) in base 16?
-24
Convert -a (base 13) to base 12.
-a
Convert -30 (base 13) to base 14.
-2b
Convert -3a (base 11) to base 7.
-61
Convert -9 (base 11) to base 10.
-9
Convert 84 (base 10) to base 16.
54
What is -a1 (base 12) in base 6?
-321
Convert -1 (base 16) to base 3.
-1
-21 (base 5) to base 3
-102
What is 2 (base 6) in base 2?
10
Convert 20010 (base 3) to base 14.
bb
120 (base 7) to base 3
2100
-3 (base 12) to base 5
-3
-6 (base 14) to base 12
-6
Convert -1 (base 9) to base 13.
-1
Convert -4 (base 13) to base 10.
-4
What is -155 (base 7) in base 2?
-1011001
113 (base 10) to base 16
71
Convert 29 (base 11) to base 13.
25
16 (base 14) to base 6
32
Convert -110011 (base 2) to base 14.
-39
Convert -3 (base 9) to base 3.
-10
Convert 10011 (base 3) to base 14.
61
-110100 (base 2) to base 11
-48
Convert -23 (base 7) to base 8.
-21
Convert 4 (base 15) to base 14.
4
2 (base 14) to base 8
2
Convert -1 (base 16) to base 8.
-1
110 (base 2) to base 9
6
What is -21 (base 5) in base 7?
-14
Convert -121 (base 4) to base 16.
-19
What is 12 (base 8) in base 12?
a
10 (base 8) to base 10
8
13 (base 4) to base 13
7
What is 413 (base 5) in base 3?
11000
10 (base 10) to base 4
22
5 (base 6) to base 13
5
-6 (base 9) to base 4
-12
Convert -83 (base 11) to base 5.
-331
Convert 3 (base 6) to base 8.
3
-3 (base 9) to base 5
-3
What is 10121 (base 3) in base 6?
241
What is 37 (base 9) in base 14?
26
What is -110 (base 6) in base 3?
-1120
What is -3 (base 7) in base 4?
-3
What is 17 (base 15) in base 7?
31
-110 (base 3) to base 9
-13
-1 (base 2) to base 6
-1
Convert -6 (base 7) to base 4.
-12
43 (base 10) to base 12
37
-137 (base 14) to base 4
-3311
Convert -c5 (base 13) to base 4.
-2201
-12 (base 4) to base 5
-11
What is -10 (base 5) in base 4?
-11
1 (base 2) to base 4
1
-9 (base 12) to base 10
-9
What is -532 (base 7) in base 14?
-152
Convert -b (base 15) to base 12.
-b
What is -8 (base 15) in base 10?
-8
Convert 8 (base 9) to base 13.
8
Convert -14 (base 10) to base 4.
-32
What is 0 (base 5) in base 11?
0
What is 28 (base 9) in base 11?
24
16 (base 14) to base 6
32
What is -34 (base 6) in base 13?
-19
-10 (base 4) to base 5
-4
What is -45 (base 13) in base 14?
-41
Convert b4 (base 15) to base 13.
100
4 (base 11) to base 3
11
Convert -1d (base 14) to base 6.
-43
10 (base 11) to base 2
1011
What is 1301 (base 5) in base 7?
405
What is 115 (base 6) in base 8?
57
Convert 430 (base 7) to base 16.
d9
What is -120 (base 5) in base 14?
-27
21 (base 4) to base 10
9
110 (base 2) to base 3
20
-23 (base 10) to base 7
-32
-3 (base 10) to base 11
-3
Convert 4 (base 12) to base 11.
4
What is 3 (base 7) in base 9?
3
Convert 3 (base 7) to base 2.
11
149 (base 12) to base 10
201
-1144 (base 6) to base 8
-430
-4 (base 6) to base 3
-11
Convert -8 (base 9) to base 10.
-8
72 (base 10) to base 16
48
What is 10 (base 9) in base 11?
9
What is -77 (base 13) in base 3?
-10122
What is 15 (base 14) in base 8?
23
Convert 100111010 (base 2) to base 4.
10322
4 (base 5) to base 13
4
17 (base 11) to base 13
15
What is 2 (base 8) in base 10?
2
What is -52 (base 6) in base 4?
-200
2 (base 16) to base 15
2
Convert 37 (base 8) to base 6.
51
Convert -33 (base 5) to base 12.
-16
16d (base 14) to base 12
205
Convert d5 (base 15) to base 8.
310
What is -a9 (base 15) in base 6?
-423
What is -23 (base 4) in base 10?
-11
Convert 11001 (base 2) to base 15.
1a
Convert 46 (base 14) to base 5.
222
What is -22 (base 11) in base 10?
-24
Convert 6 (base 16) to base 6.
10
What is -2303 (base 4) in base 7?
-344
Convert -1 (base 14) to base 2.
-1
What is 1021 (base 3) in base 12?
2a
What is 410 (base 8) in base 6?
1120
Convert 7 (base 15) to base 13.
7
What is 11 (base 6) in base 5?
12
-42 (base 9) to base 11
-35
-2 (base 11) to base 3
-2
223 (base 6) to base 5
322
16 (base 11) to base 6
25
What is 49 (base 13) in base 14?
45
Convert 111 (base 6) to base 15.
2d
-2 (base 11) to base 7
-2
-5 (base 16) to base 3
-12
Convert -42 (base 13) to base 4.
-312
What is -110 (base 5) in base 3?
-1010
110 (base 5) to base 4
132
Convert -20100 (base 3) to base 8.
-253
424 (base 10) to base 16
1a8
Convert 1 (base 16) to base 3.
1
What is -10 (base 8) in base 15?
-8
Convert 10 (base 3) to base 13.
3
What is 101 (base 5) in base 9?
28
What is -11 (base 7) in base 14?
-8
What is -86 (base 11) in base 13?
-73
-182 (base 9) to base 8
-233
Convert 1 (base 9) to base 8.
1
-42 (base 7) to base 12
-26
-2a (base 14) to base 5
-123
-1101 (base 3) to base 12
-31
Convert -2 (base 3) to base 6.
-2
Convert -1 (base 11) to base 6.
-1
What is 5 (base 15) in base 9?
5
-441 (base 7) to base 13
-144
110 (base 2) to base 13
6
-e (base 15) to base 13
-11
Convert -1a (base 15) to base 11.
-23
21 (base 4) to base 16
9
Convert -a (base 15) to base 12.
-a
Convert -111221 (base 3) to base 13.
-22c
What is 3 (base 10) in base 5?
3
What is -c (base 16) in base 10?
-12
-8 (base 15) to base 13
-8
42 (base 5) to base 4
112
-33 (base 7) to base 16
-18
6 (base 9) to base 8
6
21 (base 7) to base 9
16
-1 (base 16) to base 11
-1
Convert 1 (base 14) to base 7.
1
What is 1124 (base 6) in base 7?
532
What is -92 (base 10) in base 8?
-134
-30 (base 6) to base 5
-33
Convert -57 (base 10) to base 5.
-212
Convert 63 (base 10) to base 14.
47
What is -21 (base 6) in base 8?
-15
Convert 47 (base 11) to base 3.
1220
9 (base 12) to base 3
100
What is 40 (base 9) in base 16?
24
What is -12 (base 5) in base 14?
-7
4 (base 15) to base 14
4
Convert -1101 (base 2) to base 10.
-13
-555 (base 6) to base 5
-1330
What is -149 (base 10) in base 2?
-10010101
25 (base 9) to base 5
43
What is 76 (base 9) in base 11?
63
-2040 (base 5) to base 16
-10e
Convert 6 (base 12) to base 13.
6
Convert 6 (base 14) to base 13.
6
What is 4 (base 9) in base 14?
4
Convert 102 (base 9) to base 4.
1103
Convert 2102 (base 3) to base 6.
145
What is 6 (base 15) in base 4?
12
What is 0 (base 5) in base 10?
0
-54 (base 13) to base 9
-76
What is 1 (base 15) in base 10?
1
Convert -9 (base 15) to base 7.
-12
1220 (base 3) to base 7
102
What is 3 (base 7) in base 5?
3
0 (base 16) to base 4
0
What is 20 (base 10) in base 6?
32
What is 33 (base 4) in base 11?
14
Convert -123 (base 5) to base 2.
-100110
Convert -11 (base 3) to base 15.
-4
Convert 5 (base 11) to base 6.
5
What is -11111 (base 2) in base 3?
-1011
3 (base 13) to base 3
10
What is -15 (base 13) in base 3?
-200
Convert 3 (base 7) to base 15.
3
0 (base 7) to base 12
0
What is -14 (base 10) in base 2?
-1110
What is -222 (base 4) in base 7?
-60
2 (base 14) to base 13
2
What is 0 (base 13) in base 2?
0
Convert 70 (base 10) to base 6.
154
-3 (base 4) to base 9
-3
What is -100010 (base 2) in base 10?
-34
Convert -10 (base 2) to base 9.
-2
Convert -e (base 16) to base 5.
-24
What is -2 (base 14) in base 7?
-2
Convert -2 (base 5) to base 7.
-2
0 (base 16) to base 3
0
What is -2 (base 3) in base 16?
-2
Convert 2 (base 3) to base 10.
2
Convert -3 (base 14) to base 8.
-3
-57 (base 14) to base 2
-1001101
What is 120 (base 7) in base 12?
53
Convert 5 (base 13) to base 3.
12
Convert 10 (base 16) to base 6.
24
What is -55 (base 16) in base 7?
-151
10 (base 14) to base 9
15
-111 (base 10) to base 7
-216
Convert 3 (base 16) to base 3.
10
7a (base 12) to base 10
94
What is -3c (base 14) in base 12?
-46
What is 8 (base 15) in base 9?
8
-12 (base 4) to base 15
-6
Convert 7 (base 15) to base 13.
7
What is 131 (base 5) in base 9?
45
Convert -33 (base 7) to base 14.
-1a
Convert -17 (base 8) to base 6.
-23
What is -10212 (base 4) in base 15?
-149
Convert -10 (base 6) to base 7.
-6
What is -33 (base 8) in base 6?
-43
-2020 (base 3) to base 15
-40
2 (base 12) to base 9
2
What is -132 (base 6) in base 9?
-62
Convert -10 (base 11) to base 14.
-b
Convert -4 (base 13) to base 14.
-4
Convert -33 (base 12) to base 7.
-54
Convert -67 (base 13) to base 8.
-125
68 (base 16) to base 11
95
4 (base 12) to base 6
4
Convert -5 (base 13) to base 15.
-5
What is -10 (base 2) in base 5?
-2
Convert -40 (base 7) to base 12.
-24
Convert 31 (base 8) to base 10.
25
Convert b (base 15) to base 3.
102
What is 30 (base 16) in base 3?
1210
What is 3 (base 6) in base 4?
3
-4